= -i**2 + 1. Let l be o(0). Calculate the highest common divisor of f and l.
1
Let k = -1484 - -2500. Calculate the highest common divisor of k and 16.
8
Let w(v) = -v + 17. Let k be w(-10). Suppose 0 = -2*z + 5*z - k. Calculate the highest common divisor of z and 36.
9
Let j be 816/(-9) - (-10)/15. Let k be ((-1)/(-1))/((-5)/j). Let p = 15 + 12. What is the greatest common factor of k and p?
9
Let g(p) = -108*p - 1. Let o be g(-1). Suppose 0 = -5*a + 68 + o. What is the greatest common factor of a and 140?
35
Suppose 13*h + 29 - 1017 = 0. Let q be 19 - 1 - 1*-1. Calculate the highest common divisor of h and q.
19
Let d be ((-297)/(-15))/(664/80 - 8). Calculate the greatest common factor of 11 and d.
11
Let z be (-75)/(-3) - (13 - 4). Calculate the highest common factor of z and 48.
16
Suppose 10*m = 5*m + 45. What is the highest common divisor of m and 33?
3
Let f = -9 - -60. Suppose 0 = -84*g + 2354 + 6214. What is the highest common factor of f and g?
51
Let w = -330 + 338. What is the greatest common factor of w and 1376?
8
Let y = 17 + -11. Suppose 7*p + 287 - 49 = 0. Let f be p/85 + (-32)/(-5). What is the greatest common divisor of y and f?
6
Let j(a) = -a**3 - 9*a**2 - 21*a + 4. Suppose -19*g = -24*g - 30. Let z be j(g). Calculate the highest common factor of z and 66.
22
Suppose -2*x + 2 - 10 = 0. Let r = 16 - x. What is the highest common factor of 120 and r?
20
Let x be (-14)/(6/(-168) - 0). Calculate the greatest common factor of x and 8.
8
Let i(k) = -k**3 + 8*k**2 + 8*k - 1. Let z be i(7). Calculate the highest common divisor of 16 and z.
8
Suppose -81*g + 148 = -70*g - 787. Let a(c) = 3*c - 4. Let t be a(7). What is the greatest common factor of g and t?
17
Let i = 90 + -20. Suppose 82 = 5*d + 4*a, -2*d - 2*a = -5 - 31. Calculate the highest common factor of i and d.
10
Let d = -1663 - -2079. What is the highest common factor of 260 and d?
52
Suppose -47*r + 56*r = 1728. What is the greatest common factor of r and 6?
6
Let m be (1239*(0 - -1) + 7)/2. Calculate the highest common factor of m and 89.
89
Let k(u) = u**3 + u**2 - 2*u + 17. Let x be k(0). Let q = 27 - x. What is the highest common divisor of q and 4?
2
Let c(a) = 41*a + 445. Let p be c(-9). Let j be (2/6)/((-2)/(-114)). What is the highest common divisor of p and j?
19
Suppose -3*a - 60 = -9*a. Suppose 5*h - a = 0, 5*h - 310 = -4*d - d. What is the greatest common factor of d and 12?
12
Suppose y - 82 = -o - 2*y, 2*o - 182 = 3*y. Suppose -4*m + 4 = -2*m. Let w be 16/m + -7 + 7. Calculate the greatest common divisor of w and o.
8
Let y(v) = -v**3 - 11*v**2 + 6. Let j be y(-11). Suppose -3*s = 3*c - 318, -3*s = -0*s - j. What is the highest common factor of 260 and c?
52
Let g be (25 - -1) + -2 + -1. Suppose 3*p - g = -3*o + 85, 5*p - 147 = -4*o. What is the highest common factor of o and 33?
33
Suppose 2*w - 18 = -2*n, -5*n + 41 - 12 = w. Suppose n*i = 2*f + 6, f - 5*i + 4 = -4. What is the highest common factor of 20 and f?
2
Suppose 5*r + 6 = s + 15, 4*s = 5*r + 39. Let v = -583 - -607. What is the greatest common divisor of v and s?
8
Let s(l) = 5*l - 7. Let g be s(5). Let y = 359 + -287. What is the greatest common factor of g and y?
18
Suppose 2*i = i - 224. Let y be (i/(-24))/(2/15). Suppose -3*o - 20 - 14 = -4*r, o - 2 = 0. What is the greatest common divisor of y and r?
10
Let s(k) = -k + 6. Let v be s(9). Let f be -1 - (18/v - -2). Suppose -2 = -j + f. What is the highest common divisor of 20 and j?
5
Suppose 3*q + r = -31, 0*q - q - 2*r - 2 = 0. Let o(i) = -i + 2. Let d be o(q). Calculate the greatest common factor of d and 112.
14
Suppose -13*f + 10*f = -j - 112, -68 = -2*f + 4*j. Calculate the highest common divisor of f and 133.
19
Let q = 4 + -4. Suppose q = -3*l - 2*l + 30. Suppose 2*m = -m + l. Calculate the highest common factor of 18 and m.
2
Let a be (1/(-2)*2)/1. Let o(r) = -69*r. Let s be o(a). Suppose -3*q = 3, -3*n + 60 + 13 = -4*q. What is the highest common factor of n and s?
23
Suppose t + 2 = 6. Suppose g = -t*v + 7, -9 - 9 = -2*g - 4*v. What is the highest common factor of 44 and g?
11
Suppose -9*p + 1287 = 252. What is the greatest common factor of p and 253?
23
Suppose 4*l - 94 = 2*k, 0 = -k - 3 + 8. What is the highest common divisor of 91 and l?
13
Let p(y) = y**3 - 7*y**2 - 23*y. Let j be p(10). Let z = j - -20. Calculate the highest common divisor of z and 10.
10
Suppose -4*x + 8*x + 80 = j, -j = x - 85. Let g be j/15 + 8/20. Let t be (-4)/g*3/(-2). Calculate the highest common factor of t and 1.
1
Suppose 0 = -j - 2*s - 169 + 176, 0 = 4*s - 12. Let c be (0 + 2 + -1)*4. What is the highest common divisor of c and j?
1
Suppose u = 5*u - 248. Suppose -362 = 8*k - 12*k - 2*q, -4*q = 20. Calculate the highest common divisor of u and k.
31
Let b be (24/20)/(4/10). Suppose -4*j - 27 = -b. Let c be (20/j)/((-3)/18). Calculate the highest common divisor of c and 8.
4
Let x(z) = z**2 + 7*z - 70. Let t be x(-18). Suppose -7*a + 64 = -3*a. Calculate the highest common divisor of a and t.
16
Suppose 0 = 4*x - 3*x + 18. Let a = x + 32. Let f be (9/2 - 2)*a. Calculate the greatest common divisor of 5 and f.
5
Suppose -39 + 141 = 6*q. Suppose 0 = 12*x - q*x + 100. What is the highest common divisor of x and 5?
5
Suppose 0 = -4*o + 2*o - 16. Let k be (88/o)/(1/(-13)). Calculate the greatest common divisor of k and 13.
13
Let y(d) = 8*d + 42. Let g be y(0). Calculate the highest common factor of g and 24.
6
Suppose 0*h = -2*h + 2. Let m be (h - (-2 - 7))*16. Calculate the highest common divisor of 64 and m.
32
Suppose -36*u + 56651 - 20291 = 0. Calculate the greatest common factor of u and 10.
10
Let i = -412 - -535. Calculate the greatest common factor of 3 and i.
3
Suppose -3*m - x = -38, m + 2 - 8 = 3*x. Suppose 95*r - 620 = 2800. What is the greatest common factor of r and m?
12
Let f = -197 - -224. Calculate the greatest common factor of f and 675.
27
Suppose -5*g - 4*n = 468 - 1363, 5*g - 5*n = 895. Suppose 0 = -6*a - g + 563. Calculate the greatest common divisor of a and 16.
16
Let m be 12 + -2*9/6. What is the highest common divisor of 6 and m?
3
Let b(f) = -51*f - 267. Let y be b(-7). What is the greatest common divisor of y and 18?
18
Let o(h) = -h + 1. Let x be o(5). Let l be ((-2)/(-3))/(x/(-522)). Calculate the highest common divisor of 58 and l.
29
Let z(w) be the first derivative of -w**4/4 - 3*w**3 - 2*w**2 - 26*w - 24. Let x be z(-9). What is the greatest common factor of x and 5?
5
Suppose -15*z + 255 = -12*z. Let p = z - 64. Suppose 3*w = 11 - 2. What is the highest common factor of w and p?
3
Suppose -5*f - 4 = -c, 13 = 2*c - 4*f - f. Suppose 41157 = 175*o + 75*o + 19*o. What is the highest common divisor of o and c?
9
Let k be (2 - -3)*((-4)/(-10))/1. Let w be (k - 3)*-3 + 34 + 3. What is the greatest common factor of 16 and w?
8
Suppose -2 = -k - 3. Let c be (-1)/k*(-15)/5. Let b(r) = 3*r**2 + 6*r + 7. Let n be b(c). Calculate the greatest common factor of n and 2.
2
Let f = 18 - 16. Suppose 6*d + f - 32 = 0. Calculate the greatest common factor of 2 and d.
1
Suppose -243 = -6*f + 87. What is the greatest common divisor of f and 3905?
55
Let l(p) = p - 1 - 8*p + p - 14*p. Let n be l(-2). What is the greatest common factor of n and 26?
13
Suppose -3*o = 2*o - 45. Let y(g) = -162*g - 243. Let j be y(-2). Calculate the highest common factor of j and o.
9
Let s be -3 + 54274/18 - 16/72. Calculate the highest common divisor of 12 and s.
12
Let m = -641 + 510. Let u(i) = -8*i - 3. Let a be u(6). Let l = a - m. Calculate the highest common factor of l and 16.
16
Let x(b) = 30*b + 3. Let d be x(1). Let a = d + -23. Calculate the highest common factor of 20 and a.
10
Suppose -16 = 4*y - 0*y. Let u(s) = -s**2 - 7*s - 1. Let h be u(y). Let x = -3 + h. Calculate the highest common factor of 20 and x.
4
Suppose 65 = -0*j - 5*j. Let m = 10 + j. Let u be (-5 - m - 98)*-1. What is the highest common factor of 40 and u?
20
Let u be -726 - 0 - 9/3. Let i = u + 1021. Suppose -4*r + i = 40. What is the greatest common divisor of 9 and r?
9
Let u = -30 + 75. What is the highest common factor of u and 495?
45
Suppose 0 = -6*d + 7*d + 3*z, -22 = -2*d + 5*z. Suppose -75 = 2*f - 7*f. What is the highest common factor of f and d?
3
Suppose -241 + 60